ine c(b).
-6
Let j be ((-16)/24)/((-4)/(-18)). Let i(f) be the third derivative of 7*f**4/24 - f**3/6 - 3*f**2. Calculate i(j).
-22
Let s(m) = -2*m**2 - 10*m - 2. Let d be -5 + (-9 - -15 - 6). What is s(d)?
-2
Let n(k) = 3 - 3 + 5 - 2. Let u(a) = -a + 11. Let w(p) = -9*n(p) + 2*u(p). Give w(5).
-15
Let x(k) = -6*k + 2. Let l(o) = -3*o + 1. Let q(n) = 3*n + 8. Let j be q(-4). Let i(h) = j*x(h) + 7*l(h). What is i(1)?
2
Let s(r) = 2*r + 3. Suppose 3*f + 30 = -3*d, 3*d - 2*f + 22 = -d. Determine s(d).
-11
Let j be 6/72*4 + (-16)/12. Let v(r) = 4*r**3 - r**2 + 1. Determine v(j).
-4
Let x(c) be the first derivative of c**3/3 + 7*c**2/2 - 4*c - 71. Calculate x(-8).
4
Let s(y) = -y**2 - 6*y - 5. Suppose 7*b - 8 = 6*b. Let z(o) = 3*o**2 + 17*o + 14. Let v(x) = b*s(x) + 3*z(x). Calculate v(-4).
6
Let j(l) = 2*l. Let p = -43 + 42. Determine j(p).
-2
Let t = 3 - 4. Let x = -15 - t. Let f = x - -19. Let a(o) = o**3 - 6*o**2 + 5*o + 2. What is a(f)?
2
Let m(t) = t**2 + t - 9. Let j be (-319)/(-44) + 2/(-8). Suppose -j*z = -5*z. Determine m(z).
-9
Let g(o) = 2*o - 1. Suppose -46 = -3*s - 5*l, 5*s + 0*s = -2*l + 83. Suppose 3*k + 5 - s = 0, -2*q = -k + 4. Suppose -3*a - 5 - 1 = q. Give g(a).
-5
Let d(j) be the third derivative of -j**5/60 - j**4/8 - j**3/3 - 3*j**2 + 114. Let o be -1 + (0 + 1 - -18). Suppose 3*c - 2 = g - 4, 4*g + o = -c. What is d(c)?
0
Suppose 12*v - 24*v + 60 = 0. Let l(q) = q + 7. Let k(c) = 2*c + 14. Let n(s) = v*l(s) - 3*k(s). Calculate n(-6).
-1
Let c = -2 - -1. Let a = c + 0. Let n(h) = -192*h + 8. Let s(z) = -22*z + 1. Let y(d) = n(d) - 9*s(d). Determine y(a).
-7
Let u(j) = 5*j**3 + 15*j**2 - 4*j - 15. Let i(w) = 9*w**3 + 28*w**2 - 7*w - 28. Let v(a) = -6*i(a) + 11*u(a). Calculate v(2).
-5
Suppose -4*j + 9*j = 10. Suppose 3*l + 21 = j*z, 2*l - 4*z + 18 = 4. Let b(y) = y + 3. Calculate b(l).
-4
Let z(v) = -12 - v - v**2 - 2*v + 4*v + 9*v + 0*v. Calculate z(9).
-3
Let x(m) = -8*m + 2. Let k(c) = 2 + 16*c + c - 7. Let u(o) = -3*k(o) - 7*x(o). Let w = 37 - 36. Give u(w).
6
Suppose 8*o = -o - 54. Let c(d) = -8 + 2*d - 3*d + 2*d + d**2. Determine c(o).
22
Let q(c) = -c**3 + 5*c**2 + 14*c - 7. Suppose 3*f = -1331 + 1352. Give q(f).
-7
Let l(f) = f**3 + 11*f**2 + 12. Let w be l(-11). Let t(y) = -4*y**2 + w*y**2 - 12*y**2 - 3*y**2 + 1 - 6*y - y**3. Calculate t(-5).
-19
Let d(n) = n**2 + 20*n - 6. Let i be d(-16). Let j = 72 + i. Let z(x) = 3*x**3 - 2*x**2 - 2*x + 2. Calculate z(j).
14
Let s(j) = j**2 + j + 6. Let r(a) = -a**3 - 16*a**2 - 15*a - 1. Let u be r(-15). Let f be u + (0/3)/(-3). Let q be (-2)/8*(f + 1). Determine s(q).
6
Let i(g) = g + 0*g**2 + 1 - 2*g - g**2. Let a be (90/40)/(3/12). Suppose -3*w - a*w + 24 = 0. Determine i(w).
-5
Suppose 0 = 4*s + b + 27, 2*s + 9 = -13*b + 8*b. Let p(m) = -m**2 - 10*m + 5. What is p(s)?
26
Let o(m) = m**2 + m - 3. Let u be -3*(8/(-18) + (-40)/72). What is o(u)?
9
Let j(b) = b**3 - 4*b**2 - 2*b - 2. Let q(i) = 0*i + 10 - 3*i + 2 - 1. Let w be q(2). What is j(w)?
13
Let u = 17 - 13. Let z(g) = -4 + 2*g**2 + 5*g**3 + 11 - 5 - u*g**3. Let j be (-3)/2 - (-1)/(-2). Give z(j).
2
Let c(x) = 17*x - 18. Let k(s) = -6*s + 5. Let g(o) = -2*c(o) - 7*k(o). Calculate g(1).
9
Suppose -11*y - 232 = -15*y. Let p(o) = 26 + 24 - y - o. What is p(0)?
-8
Let l = 5 + -3. Let d be ((-8)/(-6))/(l/3). Suppose -m + 2*m + 3 = k, -3*k + 10 = -d*m. Let z(q) = -q**3 + 3*q**2 + 3*q + 2. Determine z(k).
-2
Let u(g) = -12*g - 1. Let q(c) = -5*c - 2 - 6*c - 2*c + 0*c. Let w(s) = 2*q(s) - 3*u(s). Give w(-1).
-11
Let o be (-6)/4*(-80)/60. Let p(x) = 3*x - x**o + 1 + 0*x - x - 5*x. What is p(-3)?
1
Let a(k) = k**2 + 4*k + 3. Let p be 15/(-1)*(-3 + 2). Let f(b) = b**2 + b - 10. Let m be f(-6). Let t = p - m. What is a(t)?
8
Let j(m) = -2*m - 17. Let r(s) = -5*s + 112. Let n be r(24). Give j(n).
-1
Let i(w) be the second derivative of 17*w**5/20 + w**3/6 + 415*w. Determine i(1).
18
Let c(t) = t + 7. Let l(m) = -3*m - 16. Let q(o) = -2*o - 15. Let k(z) = 3*l(z) - 4*q(z). Let b be k(3). Suppose -2*p = -5*p - b. Determine c(p).
4
Let n be 6*(3 + -4) - (-43 + 30). Let b(l) = -l**2 + l + 1. Let q(p) = 5*p**2 + 2*p - 4. Let c(o) = -6*b(o) - q(o). Calculate c(n).
-9
Let s(m) = 2*m - 12. Let n be 22/(-99) + (-2 - (-274)/18). Give s(n).
14
Let c(s) = -s + 3. Let n(b) = -b**2 - 5*b - 1. Let u be n(-2). Let w(k) = 2*k - 6. Let o(m) = 3*m - 12. Let d(j) = u*w(j) - 3*o(j). Let v be d(-3). Give c(v).
0
Let j(s) be the third derivative of -s**5/60 - 7*s**4/24 + 7*s**3/3 - 2*s**2 - 86. What is j(-8)?
6
Let o(y) = -7*y - 7*y - 90 - y + 10*y. What is o(-19)?
5
Let i be 42/2*(-3)/(-9). Let c = i + -14. Let q(g) = -375*g - 14 - 373*g - 377*g + 1124*g. Give q(c).
-7
Let s(l) be the first derivative of -l**4/4 - 7*l**3/3 - 7*l**2/2 - l - 1. Suppose -69 = -6*c - 27. Let n be 4/c - 414/63. Give s(n).
5
Let q(r) be the second derivative of 1/6*r**3 + 15*r - 1/12*r**4 + 0 - 3/2*r**2. Suppose 3*g = -0*g - 9. Calculate q(g).
-15
Let u(z) = z**3 + 3*z**2 + 3*z + 4. Let m be ((6 + -5)*-1)/((-1)/(-6)). Let j be -3*(4/m)/(8/(-12)). What is u(j)?
-5
Suppose 2*x - 6 - 4 = -2*m, -5*x = -4*m - 34. Let s(z) = z**2 - 5*z - 1. Determine s(x).
5
Let s(p) be the second derivative of -p**4/6 - p**3/6 - p**2 + p. Give s(-2).
-8
Let s be 2*(-3)/2*(-84)/36. Let x(k) = 4*k - 24. Give x(s).
4
Suppose 0 = -0*c + c + 11. Let o = -17 - c. Let v(u) = -1235*u + 620*u - 2 + 613*u - 5. Determine v(o).
5
Suppose -18*x - 12 = -66. Let r(t) = -4*t + 2*t**2 + t - 2*t + 3. Calculate r(x).
6
Let s = -8 - -2. Let t(f) = f + 13. Let u(w) = 1. Let y(q) = -t(q) + 5*u(q). Let o be y(s). Let k(m) = -m**3 - 5*m**2 - 3*m - 1. Calculate k(o).
-7
Let x(y) be the second derivative of -y**5/60 - 3*y**4/8 + y**3/2 + 15*y**2 + 15*y. Let z(q) be the first derivative of x(q). Determine z(-9).
3
Let d(w) = 21*w**2 + 23*w + 5. Let a(v) = 26*v**2 + 27*v + 5. Let g(r) = 4*a(r) - 5*d(r). Let o = -2 + -2. Determine g(o).
7
Let n(p) = -6*p + 3. Let y(k) = 7*k - 3. Let f(s) = -3*n(s) - 2*y(s). Let g(a) = a**3 - 6*a**2 + 4*a + 3. Let x be g(5). Let c be (6/4)/(x/(-4)). What is f(c)?
9
Let g(u) = u + 1 - 4 + 1 - 1. Determine g(5).
2
Let s(o) = -6*o**2 + 6*o + 6. Let l(w) = -5*w**2 + 6*w + 5. Suppose -5*q - 97 = -77. Let p(v) = q*s(v) + 5*l(v). Give p(7).
-6
Let m(r) = -r**3 - 8*r**2 + 8*r - 6. Let f be m(-9). Let g(v) = v**3 - 2*v + 4*v**2 - f*v + 4 + v**2. Suppose -5*h - 42 = 4*p, 5 = -3*h + 5*p + 2. Give g(h).
-2
Let u be (5 + -4)*(2 + 1). Let l(o) = -o**2 + o - 1. Let c be l(u). Let t(i) = -i**3 - 8*i**2 - 7*i. What is t(c)?
0
Let t(i) = i**2 + 12*i - 1. Let q(p) = 2*p**2 + 25*p - 2. Let s(b) = -2*q(b) + 5*t(b). What is s(-5)?
-26
Let c(u) = u**3 + 3*u**2 + 2*u + 6. Let p = -23 + 19. Calculate c(p).
-18
Let h be -3 + -7*48/(-56)*1. Let m(q) be the second derivative of -1/2*q**2 + 13*q - 1/3*q**h + 0. Determine m(2).
-5
Suppose -10 = 307*l - 312*l. Let i(t) = 3*t - 4. Give i(l).
2
Let g(r) = r**3 + 7*r**2 + 6*r + 1. Let i be 1 + (0 - (-7 + 3)). Suppose 0 = 4*l - 4*z + 4 + 32, -5*l - 15 = i*z. Determine g(l).
1
Let d(b) = b**3 + 12*b**2 - 9*b + 7. Let q(h) = -3*h**3 - 25*h**2 + 17*h - 15. Let y(l) = 5*d(l) + 2*q(l). Give y(9).
-13
Let n(a) = 2*a**2 - 37*a + 21. Let w be n(18). Let q(x) = x**2 - x - 5. Calculate q(w).
1
Let j(g) = -g**3 - 10*g**2 + 12*g + 5. Let s be (-11*(-4)/(-8))/((-1)/(-2)). What is j(s)?
-6
Let c(b) = 7*b**3 + b**2 + 2*b - 4. Let s(h) = -11*h**3 - 2*h**2 - 3*h + 6. Let y(g) = 8*c(g) + 5*s(g). What is y(2)?
0
Suppose 0 = -3*f + 76 - 85. Let g(t) = -t**3 - 4*t**2 - 6*t - 5. Calculate g(f).
4
Let d(x) be the first derivative of -x**3/3 + 7*x**2/2 + 7*x + 334. Determine d(6).
13
Let m(a) = -1 + 15*a - 16*a + 0*a**2 + a**2. Suppose 3*t + 6 = 9. Let i(x) = -x**3 - 9*x**2 + 10*x + 10. Let z(w) = t*i(w) + 6*m(w). Give z(-3).
-8
Let q(m) = 2*m - 2. Let j(n) = -6*n + 7. Let w(k) = 2*j(k) + 7*q(k). Let i = 169 - 163. Give w(i).
12
Suppose -t - 12 = 3*t. Let x = -19 - -21. Let q(n) = -3 + 111*n - 116*n + 2*n**x + 4*n**3 - 3*n**3. Calculate q(t).
3
Let n(h) = 2*h**3 - 3*h**3 - h + h**2 + 3*h**3 + 1. Suppose -23 = 2*r + 5*m, 0*r - 2 = 3*r + m. What is n(r)?
3
Let j(a) = -a + 7. Let x(l) = -l + 6. Let n(d) = 5*j(d) - 4*x(d). Let g be (-122)/(-6)*(-1 - 2). Let f = g - -61. Give n(f).
11
Let z(q) be the third 